{"text_format":"3","workbook":"xlsx","n_sheets":6,"sheets":["Chart","Data","Yerms","Rules","Zoom","Labels"],"not_rendered":{"charts":1,"macros":1,"defined_names":19},"read":"whole","date_system":"1900"}

{"sheet":"Chart","index":0,"n_rows":19,"n_cols":17,"rows_kept":19}
[{"$f":"MPC&\"-Month, \"&Yerms&\"-Yerm Lunar Cycle Jitter\"","v":"801-Month, 49-Yerm Lunar Cycle Jitter"}]
[{"$f":"\"Cycle contains \"&MPC&\" months (\"&FMPC&\" full, \"&DMPC&\" deficient) = \"&DPC&\" days = \"&reducefraction(DPC,7,FALSE,FALSE,TRUE)&\" weeks = \"&Yerms&\" yerms.\"","v":"Cycle contains 801 months (425 full, 376 deficient) = 23654 days = 3379+1/7 weeks = 49 yerms."}]
[{"$f":"\"Mean month = \"&\"29+\"&reducefraction(FMPC,MPC,FALSE,FALSE,TRUE)&\" days = 29d 12h 44m \"&reducefraction(240*(360*FMPC-191*MPC),MPC,FALSE,FALSE,TRUE)&\" seconds, or about 29\"&MID(FMPC/MPC,2,20)&\" days or 29d 12h 44m \"&ROUND(240*(360*FMPC-191*MPC)/MPC,6)&\" seconds.\"","v":"Mean month = 29+425/801 days = 29d 12h 44m 2+62/89 seconds, or about 29.530586766541823 days or 29d 12h 44m 2.696629 seconds."}]
[{"$f":"\"Duration per ''Part'' = 1/\"&MPC&\" day = \"&reducefraction(24,MPC,FALSE,FALSE,TRUE)&\" hour = \"&reducefraction(1440,MPC,FALSE,FALSE,TRUE)&\" minutes = \"&reducefraction(86400,MPC,FALSE,FALSE,TRUE)&\" seconds.  One hour = \"&reducefraction(MPC,24,FALSE,FALSE,TRUE)&\" parts.\"","v":"Duration per ''Part'' = 1/801 day = 8/267 hour = 1+71/89 minutes = 107+77/89 seconds.  One hour = 33+3/8 parts."}]
[]
[]
[]
[]
[{"$nulls":16},false]
[]
[]
[]
[]
[]
[{"$nulls":16},1]
[{"$nulls":16},"Selected"]
[{"$nulls":16},"Month"]
[{"$nulls":16},"in Yerm"]
[{"$nulls":16},"(1 to 17)"]

{"sheet":"Data","index":1,"n_rows":838,"n_cols":8,"rows_kept":838}
["Lunar Cycle Jitter Evaluator"]
["by Dr. Irv Bromberg, University of Toronto, Canada"]
["http://individual.utoronto.ca/intervalmath/jitter/index.html",null,null,"Jitter","(parts)"]
[{"$nulls":3},{"$f":"MAX(H:H)","v":408},"maximum",{"$f":"reducefraction(JitterMax*MPC,MPC,FALSE,FALSE,FALSE)","v":"408"}]
["Months per Cycle (Parts per Day):",801,"months (parts)",{"$f":"MIN(H:H)","v":-392},"minimum",{"$f":"reducefraction(JitterMin*MPC,MPC,FALSE,FALSE,FALSE)","v":"–(392)"}]
["30-day Months per Cycle:",425,"months",{"$f":"D4-D5","v":800},"range",{"$f":"reducefraction(JitterRange*MPC,MPC,FALSE,FALSE,FALSE)","v":"800"}]
["29-day Months per Cycle:",{"$f":"MPC-FMPC","v":376},"months",{"$f":"\"Jitter range = \"&F6&\" parts = \"&reducefraction(F6*24,MPC,FALSE,FALSE,FALSE)&\" hours\"","v":"Jitter range = 800 parts = 23 + 259 / 267 hours"}]
["Days per Cycle (Parts per Month):",{"$f":"29*MPC+FMPC","v":23654},"days (parts)"]
["Yerms per Cycle:",{"$f":"2*DPC-59*MPC","v":49},"yerms","Limits for Chart:"]
["Mean Month:",{"$f":"\"29 + \"&reducefraction(FMPC,MPC,FALSE,FALSE,FALSE)","v":"29 + 425 / 801"},"days","x","y","Hours"]
["Mean Month >29d:",{"$f":"FMPC/MPC","v":{"v":0.5305867665418227,"d":"0.530586766541823"}},"days",{"$f":"C21","v":1},{"$f":"JitterMax","v":408},{"$f":"E11*24/MPC","v":12.224719101123595}]
["Mean Month >29d 12h 44m:",{"$f":"reducefraction(240*(360*FMPC-191*MPC),MPC,FALSE,FALSE,TRUE)","v":"2+62/89"},"seconds",{"$f":"MPC+1","v":802},{"$f":"E11","v":408},{"$f":"E12*24/MPC","v":12.224719101123595}]
["… or approximately:",{"$f":"240*(360*FMPC-191*MPC)/MPC","v":2.696629213483146},"seconds"]
["Has Yerm Zero:",{"$f":"MeanMonth>26/49","v":false},null,{"$f":"D11","v":1},0]
["17-month Yerms per Cycle:",{"$f":"443*MPC-15*DPC","v":33},"yerms",{"$f":"D12","v":802},0]
["15-month Yerms per Cycle:",{"$f":"Yerms-n17my","v":16},"yerms"]
["49-month subcycles:",{"$f":"INT(Yerms/3)","v":16},null,{"$f":"C21","v":1},{"$f":"JitterMin","v":-392},{"$f":"E17*24/MPC","v":-11.745318352059925}]
["Duration per Part:",{"$f":"reducefraction(1440,MPC,FALSE,FALSE,FALSE)","v":"1 + 71 / 89"},"minutes",{"$f":"D12","v":802},{"$f":"E17","v":-392},{"$f":"E18*24/MPC","v":-11.745318352059925}]
[]
["Yerm in Cycle","Months in Yerm","Month #","Month in Yerm","Month Length","New Month Moment","Elapsed","Difference"]
[1,{"$f":"IF(MOD(A21,3)=0,15,17)","v":17},1,1,{"$f":"IF(MOD(D21,2)=1,30,29)","v":30},0,0,{"$f":"F21-G21","v":0}]
[{"$f":"IF(D22=1,IF(A21=Yerms,1,A21+1),A21)","v":1},{"$f":"IF(MOD(A22,3)=0,15,17)","v":17},{"$f":"C21+1","v":2},{"$f":"IF(D21=B21,1,D21+1)","v":2},{"$f":"IF(MOD(D22,2)=1,30,29)","v":29},{"$f":"F21+PPM","v":23654},{"$f":"G21+E21*PPD","v":24030},-376]
[1,17,{"$f":"C22+1","v":3},3,30,{"$f":"F22+PPM","v":47308},47259,49]
[1,17,4,4,29,70962,71289,-327]
[1,17,5,5,30,94616,94518,98]
[1,17,6,6,29,118270,118548,-278]
[1,17,7,7,30,141924,141777,147]
[1,17,8,8,29,165578,165807,-229]
[1,17,9,9,30,189232,189036,196]
[1,17,10,10,29,212886,213066,-180]
[1,17,11,11,30,236540,236295,245]
[1,17,12,12,29,260194,260325,-131]
[1,17,13,13,30,283848,283554,294]
[1,17,14,14,29,307502,307584,-82]
[1,17,15,15,30,331156,330813,343]
[1,17,16,16,29,354810,354843,-33]
[1,{"$f":"IF(MOD(A37,3)=0,15,17)","v":17},17,17,30,378464,378072,392]
[2,17,18,1,30,402118,402102,16]
[2,17,19,2,29,425772,426132,-360]
[2,17,20,3,30,449426,449361,65]
[2,17,21,4,29,473080,473391,-311]
[2,17,22,5,30,496734,496620,114]
[2,17,23,6,29,520388,520650,-262]
[2,17,24,7,30,544042,543879,163]
[2,17,25,8,29,567696,567909,-213]
[2,17,26,9,30,591350,591138,212]
[2,17,27,10,29,615004,615168,-164]
[2,17,28,11,30,638658,638397,261]
[2,17,29,12,29,662312,662427,-115]
[2,17,30,13,30,685966,685656,310]
[2,17,31,14,29,709620,709686,-66]
[2,17,32,15,30,733274,732915,359]
[2,17,33,16,29,756928,756945,-17]
[2,17,34,17,30,780582,780174,408]
[3,15,35,1,30,804236,804204,32]
[3,15,36,2,29,827890,828234,-344]
[3,15,37,3,30,851544,851463,81]
[3,15,38,4,29,875198,875493,-295]
[3,15,39,5,30,898852,898722,130]
[3,15,40,6,29,922506,922752,-246]
[3,15,41,7,30,946160,945981,179]
[3,15,42,8,29,969814,970011,-197]
[3,15,43,9,30,993468,993240,228]
[3,15,44,10,29,1017122,1017270,-148]
[3,15,45,11,30,1040776,1040499,277]
[3,15,46,12,29,1064430,1064529,-99]
[3,15,47,13,30,1088084,1087758,326]
[3,15,48,14,29,1111738,1111788,-50]
[3,15,49,15,30,1135392,1135017,375]
[4,17,50,1,30,1159046,1159047,-1]
[4,17,51,2,29,1182700,1183077,-377]
[4,17,52,3,30,1206354,1206306,48]
[4,17,53,4,29,1230008,1230336,-328]
[4,17,54,5,30,1253662,1253565,97]
[4,17,55,6,29,1277316,1277595,-279]
[4,17,56,7,30,1300970,1300824,146]
[4,17,57,8,29,1324624,1324854,-230]
[4,17,58,9,30,1348278,1348083,195]
[4,17,59,10,29,1371932,1372113,-181]
[4,17,60,11,30,1395586,1395342,244]
[4,17,61,12,29,1419240,1419372,-132]
[4,17,62,13,30,1442894,1442601,293]
[4,17,63,14,29,1466548,1466631,-83]
[4,17,64,15,30,1490202,1489860,342]
[4,17,65,16,29,1513856,1513890,{"$f":"F85-G85","v":-34}]
[{"$f":"IF(D86=1,IF(A85=Yerms,1,A85+1),A85)","v":4},{"$f":"IF(MOD(A86,3)=0,15,17)","v":17},66,{"$f":"IF(D85=B85,1,D85+1)","v":17},{"$f":"IF(MOD(D86,2)=1,30,29)","v":30},1537510,{"$f":"G85+E85*PPD","v":1537119},391]
[5,17,{"$f":"C86+1","v":67},1,30,{"$f":"F86+PPM","v":1561164},1561149,15]
[5,17,68,2,29,1584818,1585179,-361]
[5,17,69,3,30,1608472,1608408,64]
[5,17,70,4,29,1632126,1632438,-312]
[5,17,71,5,30,1655780,1655667,113]
[5,17,72,6,29,1679434,1679697,-263]
[5,17,73,7,30,1703088,1702926,162]
[5,17,74,8,29,1726742,1726956,-214]
[5,17,75,9,30,1750396,1750185,211]
[5,17,76,10,29,1774050,1774215,-165]
[5,17,77,11,30,1797704,1797444,260]
[5,17,78,12,29,1821358,1821474,-116]
[5,17,79,13,30,1845012,1844703,309]
[5,17,80,14,29,1868666,1868733,-67]
[5,17,81,15,30,1892320,1891962,358]
[5,17,82,16,29,1915974,1915992,-18]
[5,17,83,17,30,1939628,1939221,407]
[6,15,84,1,30,1963282,1963251,31]
[6,15,85,2,29,1986936,1987281,-345]
[6,15,86,3,30,2010590,2010510,80]
[6,15,87,4,29,2034244,2034540,-296]
[6,15,88,5,30,2057898,2057769,129]
[6,15,89,6,29,2081552,2081799,-247]
[6,15,90,7,30,2105206,2105028,178]
[6,15,91,8,29,2128860,2129058,-198]
[6,15,92,9,30,2152514,2152287,227]
[6,15,93,10,29,2176168,2176317,-149]
[6,15,94,11,30,2199822,2199546,276]
[6,15,95,12,29,2223476,2223576,-100]
[6,15,96,13,30,2247130,2246805,325]
[6,15,97,14,29,2270784,2270835,-51]
[6,15,98,15,30,2294438,2294064,374]
[7,17,99,1,30,2318092,2318094,-2]
[7,17,100,2,29,2341746,2342124,-378]
[7,17,101,3,30,2365400,2365353,47]
[7,17,102,4,29,2389054,2389383,-329]
[7,17,103,5,30,2412708,2412612,96]
[7,17,104,6,29,2436362,2436642,-280]
[7,17,105,7,30,2460016,2459871,145]
[7,17,106,8,29,2483670,2483901,-231]
[7,17,107,9,30,2507324,2507130,194]
[7,17,108,10,29,2530978,2531160,-182]
[7,17,109,11,30,2554632,2554389,243]
[7,17,110,12,29,2578286,2578419,-133]
[7,17,111,13,30,2601940,2601648,292]
[7,17,112,14,29,2625594,2625678,-84]
[7,17,113,15,30,2649248,2648907,341]
[7,17,114,16,29,2672902,2672937,-35]
[7,17,115,17,30,2696556,2696166,390]
[8,17,116,1,30,2720210,2720196,14]
[8,17,117,2,29,2743864,2744226,-362]
[8,17,118,3,30,2767518,2767455,63]
[8,17,119,4,29,2791172,2791485,-313]
[8,17,120,5,30,2814826,2814714,112]
[8,17,121,6,29,2838480,2838744,-264]
[8,17,122,7,30,2862134,2861973,161]
[8,17,123,8,29,2885788,2886003,-215]
[8,17,124,9,30,2909442,2909232,210]
[8,17,125,10,29,2933096,2933262,-166]
[8,17,126,11,30,2956750,2956491,259]
[8,17,127,12,29,2980404,2980521,-117]
[8,17,128,13,30,3004058,3003750,308]
[8,17,129,14,29,3027712,3027780,{"$f":"F149-G149","v":-68}]
[{"$f":"IF(D150=1,IF(A149=Yerms,1,A149+1),A149)","v":8},{"$f":"IF(MOD(A150,3)=0,15,17)","v":17},130,{"$f":"IF(D149=B149,1,D149+1)","v":15},{"$f":"IF(MOD(D150,2)=1,30,29)","v":30},3051366,{"$f":"G149+E149*PPD","v":3051009},357]
[8,17,{"$f":"C150+1","v":131},16,29,{"$f":"F150+PPM","v":3075020},3075039,-19]
[8,17,132,17,30,3098674,3098268,406]
[9,15,133,1,30,3122328,3122298,30]
[9,15,134,2,29,3145982,3146328,-346]
[9,15,135,3,30,3169636,3169557,79]
[9,15,136,4,29,3193290,3193587,-297]
[9,15,137,5,30,3216944,3216816,128]
[9,15,138,6,29,3240598,3240846,-248]
[9,15,139,7,30,3264252,3264075,177]
[9,15,140,8,29,3287906,3288105,-199]
[9,15,141,9,30,3311560,3311334,226]
[9,15,142,10,29,3335214,3335364,-150]
[9,15,143,11,30,3358868,3358593,275]
[9,15,144,12,29,3382522,3382623,-101]
[9,15,145,13,30,3406176,3405852,324]
[9,15,146,14,29,3429830,3429882,-52]
[9,15,147,15,30,3453484,3453111,373]
[10,17,148,1,30,3477138,3477141,-3]
[10,17,149,2,29,3500792,3501171,-379]
[10,17,150,3,30,3524446,3524400,46]
[10,17,151,4,29,3548100,3548430,-330]
[10,17,152,5,30,3571754,3571659,95]
[10,17,153,6,29,3595408,3595689,-281]
[10,17,154,7,30,3619062,3618918,144]
[10,17,155,8,29,3642716,3642948,-232]
[10,17,156,9,30,3666370,3666177,193]
[10,17,157,10,29,3690024,3690207,-183]
[10,17,158,11,30,3713678,3713436,242]
[10,17,159,12,29,3737332,3737466,-134]
[10,17,160,13,30,3760986,3760695,291]
[10,17,161,14,29,3784640,3784725,-85]
[10,17,162,15,30,3808294,3807954,340]
[10,17,163,16,29,3831948,3831984,-36]
[10,17,164,17,30,3855602,3855213,389]
[11,17,165,1,30,3879256,3879243,13]
[11,17,166,2,29,3902910,3903273,-363]
[11,17,167,3,30,3926564,3926502,62]
[11,17,168,4,29,3950218,3950532,-314]
[11,17,169,5,30,3973872,3973761,111]
[11,17,170,6,29,3997526,3997791,-265]
[11,17,171,7,30,4021180,4021020,160]
[11,17,172,8,29,4044834,4045050,-216]
[11,17,173,9,30,4068488,4068279,209]
[11,17,174,10,29,4092142,4092309,-167]
[11,17,175,11,30,4115796,4115538,258]
[11,17,176,12,29,4139450,4139568,-118]
[11,17,177,13,30,4163104,4162797,307]
[11,17,178,14,29,4186758,4186827,-69]
[11,17,179,15,30,4210412,4210056,356]
[11,17,180,16,29,4234066,4234086,-20]
[11,17,181,17,30,4257720,4257315,405]
[12,15,182,1,30,4281374,4281345,29]
[12,15,183,2,29,4305028,4305375,-347]
[12,15,184,3,30,4328682,4328604,78]
[12,15,185,4,29,4352336,4352634,-298]
[12,15,186,5,30,4375990,4375863,127]
[12,15,187,6,29,4399644,4399893,-249]
[12,15,188,7,30,4423298,4423122,176]
[12,15,189,8,29,4446952,4447152,-200]
[12,15,190,9,30,4470606,4470381,225]
[12,15,191,10,29,4494260,4494411,-151]
[12,15,192,11,30,4517914,4517640,274]
[12,15,193,12,29,4541568,4541670,{"$f":"F213-G213","v":-102}]
[{"$f":"IF(D214=1,IF(A213=Yerms,1,A213+1),A213)","v":12},{"$f":"IF(MOD(A214,3)=0,15,17)","v":15},194,{"$f":"IF(D213=B213,1,D213+1)","v":13},{"$f":"IF(MOD(D214,2)=1,30,29)","v":30},4565222,{"$f":"G213+E213*PPD","v":4564899},323]
[12,15,{"$f":"C214+1","v":195},14,29,{"$f":"F214+PPM","v":4588876},4588929,-53]
[12,15,196,15,30,4612530,4612158,372]
[13,17,197,1,30,4636184,4636188,-4]
[13,17,198,2,29,4659838,4660218,-380]
[13,17,199,3,30,4683492,4683447,45]
[13,17,200,4,29,4707146,4707477,-331]
[13,17,201,5,30,4730800,4730706,94]
[13,17,202,6,29,4754454,4754736,-282]
[13,17,203,7,30,4778108,4777965,143]
[13,17,204,8,29,4801762,4801995,-233]
[13,17,205,9,30,4825416,4825224,192]
[13,17,206,10,29,4849070,4849254,-184]
[13,17,207,11,30,4872724,4872483,241]
[13,17,208,12,29,4896378,4896513,-135]
[13,17,209,13,30,4920032,4919742,290]
[13,17,210,14,29,4943686,4943772,-86]
[13,17,211,15,30,4967340,4967001,339]
[13,17,212,16,29,4990994,4991031,-37]
[13,17,213,17,30,5014648,5014260,388]
[14,17,214,1,30,5038302,5038290,12]
[14,17,215,2,29,5061956,5062320,-364]
[14,17,216,3,30,5085610,5085549,61]
[14,17,217,4,29,5109264,5109579,-315]
[14,17,218,5,30,5132918,5132808,110]
[14,17,219,6,29,5156572,5156838,-266]
[14,17,220,7,30,5180226,5180067,159]
[14,17,221,8,29,5203880,5204097,-217]
[14,17,222,9,30,5227534,5227326,208]
[14,17,223,10,29,5251188,5251356,-168]
[14,17,224,11,30,5274842,5274585,257]
[14,17,225,12,29,5298496,5298615,-119]
[14,17,226,13,30,5322150,5321844,306]
[14,17,227,14,29,5345804,5345874,-70]
[14,17,228,15,30,5369458,5369103,355]
[14,17,229,16,29,5393112,5393133,-21]
[14,17,230,17,30,5416766,5416362,404]
[15,15,231,1,30,5440420,5440392,28]
[15,15,232,2,29,5464074,5464422,-348]
[15,15,233,3,30,5487728,5487651,77]
[15,15,234,4,29,5511382,5511681,-299]
[15,15,235,5,30,5535036,5534910,126]
[15,15,236,6,29,5558690,5558940,-250]
[15,15,237,7,30,5582344,5582169,175]
[15,15,238,8,29,5605998,5606199,-201]
[15,15,239,9,30,5629652,5629428,224]
[15,15,240,10,29,5653306,5653458,-152]
[15,15,241,11,30,5676960,5676687,273]
[15,15,242,12,29,5700614,5700717,-103]
[15,15,243,13,30,5724268,5723946,322]
[15,15,244,14,29,5747922,5747976,-54]
[15,15,245,15,30,5771576,5771205,371]
[16,17,246,1,30,5795230,5795235,-5]
[16,17,247,2,29,5818884,5819265,-381]
[16,17,248,3,30,5842538,5842494,44]
[16,17,249,4,29,5866192,5866524,-332]
[16,17,250,5,30,5889846,5889753,93]
[16,17,251,6,29,5913500,5913783,-283]
[16,17,252,7,30,5937154,5937012,142]
[16,17,253,8,29,5960808,5961042,-234]
[16,17,254,9,30,5984462,5984271,191]
[16,17,255,10,29,6008116,6008301,-185]
[16,17,256,11,30,6031770,6031530,240]
[16,17,257,12,29,6055424,6055560,{"$f":"F277-G277","v":-136}]
[{"$f":"IF(D278=1,IF(A277=Yerms,1,A277+1),A277)","v":16},{"$f":"IF(MOD(A278,3)=0,15,17)","v":17},258,{"$f":"IF(D277=B277,1,D277+1)","v":13},{"$f":"IF(MOD(D278,2)=1,30,29)","v":30},6079078,{"$f":"G277+E277*PPD","v":6078789},289]
[16,17,{"$f":"C278+1","v":259},14,29,{"$f":"F278+PPM","v":6102732},6102819,-87]
[16,17,260,15,30,6126386,6126048,338]
[16,17,261,16,29,6150040,6150078,-38]
[16,17,262,17,30,6173694,6173307,387]
[17,17,263,1,30,6197348,6197337,11]
[17,17,264,2,29,6221002,6221367,-365]
[17,17,265,3,30,6244656,6244596,60]
[17,17,266,4,29,6268310,6268626,-316]
[17,17,267,5,30,6291964,6291855,109]
[17,17,268,6,29,6315618,6315885,-267]
[17,17,269,7,30,6339272,6339114,158]
[17,17,270,8,29,6362926,6363144,-218]
[17,17,271,9,30,6386580,6386373,207]
[17,17,272,10,29,6410234,6410403,-169]
[17,17,273,11,30,6433888,6433632,256]
[17,17,274,12,29,6457542,6457662,-120]
[17,17,275,13,30,6481196,6480891,305]
[17,17,276,14,29,6504850,6504921,-71]
[17,17,277,15,30,6528504,6528150,354]
[17,17,278,16,29,6552158,6552180,-22]
[17,17,279,17,30,6575812,6575409,403]
[18,15,280,1,30,6599466,6599439,27]
[18,15,281,2,29,6623120,6623469,-349]
[18,15,282,3,30,6646774,6646698,76]
[18,15,283,4,29,6670428,6670728,-300]
[18,15,284,5,30,6694082,6693957,125]
[18,15,285,6,29,6717736,6717987,-251]
[18,15,286,7,30,6741390,6741216,174]
[18,15,287,8,29,6765044,6765246,-202]
[18,15,288,9,30,6788698,6788475,223]
[18,15,289,10,29,6812352,6812505,-153]
[18,15,290,11,30,6836006,6835734,272]
[18,15,291,12,29,6859660,6859764,-104]
[18,15,292,13,30,6883314,6882993,321]
[18,15,293,14,29,6906968,6907023,-55]
[18,15,294,15,30,6930622,6930252,370]
[19,17,295,1,30,6954276,6954282,-6]
[19,17,296,2,29,6977930,6978312,-382]
[19,17,297,3,30,7001584,7001541,43]
[19,17,298,4,29,7025238,7025571,-333]
[19,17,299,5,30,7048892,7048800,92]
[19,17,300,6,29,7072546,7072830,-284]
[19,17,301,7,30,7096200,7096059,141]
[19,17,302,8,29,7119854,7120089,-235]
[19,17,303,9,30,7143508,7143318,190]
[19,17,304,10,29,7167162,7167348,-186]
[19,17,305,11,30,7190816,7190577,239]
[19,17,306,12,29,7214470,7214607,-137]
[19,17,307,13,30,7238124,7237836,288]
[19,17,308,14,29,7261778,7261866,-88]
[19,17,309,15,30,7285432,7285095,337]
[19,17,310,16,29,7309086,7309125,-39]
[19,17,311,17,30,7332740,7332354,386]
[20,17,312,1,30,7356394,7356384,10]
[20,17,313,2,29,7380048,7380414,-366]
[20,17,314,3,30,7403702,7403643,59]
[20,17,315,4,29,7427356,7427673,-317]
[20,17,316,5,30,7451010,7450902,108]
[20,17,317,6,29,7474664,7474932,-268]
[20,17,318,7,30,7498318,7498161,157]
[20,17,319,8,29,7521972,7522191,-219]
[20,17,320,9,30,7545626,7545420,206]
[20,17,321,10,29,7569280,7569450,{"$f":"F341-G341","v":-170}]
[{"$f":"IF(D342=1,IF(A341=Yerms,1,A341+1),A341)","v":20},{"$f":"IF(MOD(A342,3)=0,15,17)","v":17},322,{"$f":"IF(D341=B341,1,D341+1)","v":11},{"$f":"IF(MOD(D342,2)=1,30,29)","v":30},7592934,{"$f":"G341+E341*PPD","v":7592679},255]
[20,17,{"$f":"C342+1","v":323},12,29,{"$f":"F342+PPM","v":7616588},7616709,-121]
[20,17,324,13,30,7640242,7639938,304]
[20,17,325,14,29,7663896,7663968,-72]
[20,17,326,15,30,7687550,7687197,353]
[20,17,327,16,29,7711204,7711227,-23]
[20,17,328,17,30,7734858,7734456,402]
[21,15,329,1,30,7758512,7758486,26]
[21,15,330,2,29,7782166,7782516,-350]
[21,15,331,3,30,7805820,7805745,75]
[21,15,332,4,29,7829474,7829775,-301]
[21,15,333,5,30,7853128,7853004,124]
[21,15,334,6,29,7876782,7877034,-252]
[21,15,335,7,30,7900436,7900263,173]
[21,15,336,8,29,7924090,7924293,-203]
[21,15,337,9,30,7947744,7947522,222]
[21,15,338,10,29,7971398,7971552,-154]
[21,15,339,11,30,7995052,7994781,271]
[21,15,340,12,29,8018706,8018811,-105]
[21,15,341,13,30,8042360,8042040,320]
[21,15,342,14,29,8066014,8066070,-56]
[21,15,343,15,30,8089668,8089299,369]
[22,17,344,1,30,8113322,8113329,-7]
[22,17,345,2,29,8136976,8137359,-383]
[22,17,346,3,30,8160630,8160588,42]
[22,17,347,4,29,8184284,8184618,-334]
[22,17,348,5,30,8207938,8207847,91]
[22,17,349,6,29,8231592,8231877,-285]
[22,17,350,7,30,8255246,8255106,140]
[22,17,351,8,29,8278900,8279136,-236]
[22,17,352,9,30,8302554,8302365,189]
[22,17,353,10,29,8326208,8326395,-187]
[22,17,354,11,30,8349862,8349624,238]
[22,17,355,12,29,8373516,8373654,-138]
[22,17,356,13,30,8397170,8396883,287]
[22,17,357,14,29,8420824,8420913,-89]
[22,17,358,15,30,8444478,8444142,336]
[22,17,359,16,29,8468132,8468172,-40]
[22,17,360,17,30,8491786,8491401,385]
[23,17,361,1,30,8515440,8515431,9]
[23,17,{"$f":"C381+1","v":362},2,29,{"$f":"F381+PPM","v":8539094},8539461,-367]
[23,17,363,3,30,8562748,8562690,58]
[23,17,364,4,29,8586402,8586720,-318]
[23,17,365,5,30,8610056,8609949,107]
[23,17,366,6,29,8633710,8633979,-269]
[23,17,367,7,30,8657364,8657208,156]
[23,17,368,8,29,8681018,8681238,-220]
[23,17,369,9,30,8704672,8704467,205]
[23,17,370,10,29,8728326,8728497,-171]
[23,17,371,11,30,8751980,8751726,254]
[23,17,372,12,29,8775634,8775756,-122]
[23,17,373,13,30,8799288,8798985,303]
[23,17,{"$f":"C393+1","v":374},14,29,{"$f":"F393+PPM","v":8822942},8823015,-73]
[23,17,{"$f":"C394+1","v":375},15,30,8846596,8846244,352]
[23,17,{"$f":"C395+1","v":376},16,29,8870250,8870274,-24]
[23,17,{"$f":"C396+1","v":377},17,30,8893904,8893503,401]
[{"$f":"IF(D398=1,IF(A397=Yerms,1,A397+1),A397)","v":24},15,{"$f":"C397+1","v":378},{"$f":"IF(D397=B397,1,D397+1)","v":1},30,8917558,{"$f":"G397+E397*PPD","v":8917533},{"$f":"F398-G398","v":25}]
[24,15,379,2,29,8941212,8941563,-351]
[24,15,380,3,30,8964866,8964792,74]
[24,15,381,4,29,8988520,8988822,-302]
[24,15,382,5,30,9012174,9012051,123]
[24,15,383,6,29,9035828,9036081,-253]
[24,15,384,7,30,9059482,9059310,172]
[24,15,385,8,29,9083136,9083340,-204]
[24,{"$f":"IF(MOD(A406,3)=0,15,17)","v":15},386,9,{"$f":"IF(MOD(D406,2)=1,30,29)","v":30},9106790,9106569,221]
[24,15,387,10,29,9130444,9130599,-155]
[24,15,388,11,30,9154098,9153828,270]
[24,15,389,12,29,9177752,9177858,-106]
[24,15,390,13,30,9201406,9201087,319]
[24,15,391,14,29,9225060,9225117,-57]
[24,15,392,15,30,9248714,9248346,368]
[25,17,393,1,30,9272368,9272376,-8]
[25,17,394,2,29,9296022,9296406,-384]
[25,17,395,3,30,9319676,9319635,41]
[25,17,396,4,29,9343330,9343665,-335]
[25,17,397,5,30,9366984,9366894,90]
[25,17,398,6,29,9390638,9390924,-286]
[25,17,399,7,30,9414292,9414153,139]
[25,17,400,8,29,9437946,9438183,-237]
[25,17,401,9,30,9461600,9461412,188]
[25,17,402,10,29,9485254,9485442,-188]
[25,17,403,11,30,9508908,9508671,237]
[25,17,404,12,29,9532562,9532701,-139]
[25,17,405,13,30,9556216,9555930,286]
[25,17,406,14,29,9579870,9579960,-90]
[25,17,407,15,30,9603524,9603189,335]
[25,17,408,16,29,9627178,9627219,-41]
[25,17,409,17,30,9650832,9650448,384]
[26,17,410,1,30,9674486,9674478,8]
[26,17,411,2,29,9698140,9698508,-368]
[26,17,412,3,30,9721794,9721737,57]
[26,17,413,4,29,9745448,9745767,-319]
[26,17,414,5,30,9769102,9768996,106]
[26,17,415,6,29,9792756,9793026,-270]
[26,17,416,7,30,9816410,9816255,155]
[26,17,417,8,29,9840064,9840285,-221]
[26,17,418,9,30,9863718,9863514,204]
[26,17,419,10,29,9887372,9887544,-172]
[26,17,420,11,30,9911026,9910773,253]
[26,17,421,12,29,9934680,9934803,-123]
[26,17,422,13,30,9958334,9958032,302]
[26,17,423,14,29,9981988,9982062,-74]
[26,17,424,15,30,10005642,10005291,351]
[26,17,425,16,29,10029296,10029321,-25]
[26,17,426,17,30,10052950,10052550,400]
[27,15,427,1,30,10076604,10076580,24]
[27,15,428,2,29,10100258,10100610,-352]
[27,15,429,3,30,10123912,10123839,73]
[27,15,430,4,29,10147566,10147869,-303]
[27,15,431,5,30,10171220,10171098,122]
[27,15,432,6,29,10194874,10195128,-254]
[27,15,433,7,30,10218528,10218357,171]
[27,15,434,8,29,10242182,10242387,-205]
[27,15,435,9,30,10265836,10265616,220]
[27,15,436,10,29,10289490,10289646,-156]
[27,15,437,11,30,10313144,10312875,269]
[27,15,438,12,29,{"$f":"F457+PPM","v":10336798},10336905,-107]
[27,15,439,13,30,10360452,10360134,318]
[27,15,440,14,29,10384106,10384164,-58]
[27,15,441,15,30,10407760,10407393,367]
[{"$f":"IF(D462=1,IF(A461=Yerms,1,A461+1),A461)","v":28},17,{"$f":"C461+1","v":442},{"$f":"IF(D461=B461,1,D461+1)","v":1},30,10431414,{"$f":"G461+E461*PPD","v":10431423},{"$f":"F462-G462","v":-9}]
[28,17,443,2,29,10455068,10455453,-385]
[28,17,444,3,30,10478722,10478682,40]
[28,17,445,4,29,10502376,10502712,-336]
[28,17,446,5,30,10526030,10525941,89]
[28,17,447,6,29,10549684,10549971,-287]
[28,17,448,7,30,10573338,10573200,138]
[28,17,449,8,29,10596992,10597230,-238]
[28,{"$f":"IF(MOD(A470,3)=0,15,17)","v":17},450,9,{"$f":"IF(MOD(D470,2)=1,30,29)","v":30},10620646,10620459,187]
[28,17,451,10,29,10644300,10644489,-189]
[28,17,452,11,30,10667954,10667718,236]
[28,17,453,12,29,10691608,10691748,-140]
[28,17,454,13,30,10715262,10714977,285]
[28,17,455,14,29,10738916,10739007,-91]
[28,17,456,15,30,10762570,10762236,334]
[28,17,457,16,29,10786224,10786266,-42]
[28,17,458,17,30,10809878,10809495,383]
[29,17,459,1,30,10833532,10833525,7]
[29,17,460,2,29,10857186,10857555,-369]
[29,17,461,3,30,10880840,10880784,56]
[29,17,462,4,29,10904494,10904814,-320]
[29,17,463,5,30,10928148,10928043,105]
[29,17,464,6,29,10951802,10952073,-271]
[29,17,465,7,30,10975456,10975302,154]
[29,17,466,8,29,10999110,10999332,-222]
[29,17,467,9,30,11022764,11022561,203]
[29,17,468,10,29,11046418,11046591,-173]
[29,17,469,11,30,11070072,11069820,252]
[29,17,470,12,29,11093726,11093850,-124]
[29,17,471,13,30,11117380,11117079,301]
[29,17,472,14,29,11141034,11141109,-75]
[29,17,473,15,30,11164688,11164338,350]
[29,17,474,16,29,11188342,11188368,-26]
[29,17,475,17,30,11211996,11211597,399]
[30,15,476,1,30,11235650,11235627,23]
[30,15,477,2,29,11259304,11259657,-353]
[30,15,478,3,30,11282958,11282886,72]
[30,15,479,4,29,11306612,11306916,-304]
[30,15,480,5,30,11330266,11330145,121]
[30,15,481,6,29,11353920,11354175,-255]
[30,15,482,7,30,11377574,11377404,170]
[30,15,483,8,29,11401228,11401434,-206]
[30,15,484,9,30,11424882,11424663,219]
[30,15,485,10,29,11448536,11448693,-157]
[30,15,486,11,30,11472190,11471922,268]
[30,15,487,12,29,11495844,11495952,-108]
[30,15,488,13,30,11519498,11519181,317]
[30,15,489,14,29,11543152,11543211,-59]
[30,15,490,15,30,11566806,11566440,366]
[31,17,491,1,30,11590460,11590470,-10]
[31,17,492,2,29,11614114,11614500,-386]
[31,17,493,3,30,11637768,11637729,39]
[31,17,494,4,29,11661422,11661759,-337]
[31,17,495,5,30,11685076,11684988,88]
[31,17,496,6,29,11708730,11709018,-288]
[31,17,497,7,30,11732384,11732247,137]
[31,17,498,8,29,11756038,11756277,-239]
[31,17,499,9,30,11779692,11779506,186]
[31,17,500,10,29,11803346,11803536,-190]
[31,17,501,11,30,11827000,11826765,235]
[31,17,502,12,29,{"$f":"F521+PPM","v":11850654},11850795,-141]
[31,17,503,13,30,11874308,11874024,284]
[31,17,504,14,29,11897962,11898054,-92]
[31,17,505,15,30,11921616,11921283,333]
[{"$f":"IF(D526=1,IF(A525=Yerms,1,A525+1),A525)","v":31},17,{"$f":"C525+1","v":506},{"$f":"IF(D525=B525,1,D525+1)","v":16},29,11945270,{"$f":"G525+E525*PPD","v":11945313},{"$f":"F526-G526","v":-43}]
[31,17,507,17,30,11968924,11968542,382]
[32,17,508,1,30,11992578,11992572,6]
[32,17,509,2,29,12016232,12016602,-370]
[32,17,510,3,30,12039886,12039831,55]
[32,17,511,4,29,12063540,12063861,-321]
[32,17,512,5,30,12087194,12087090,104]
[32,17,513,6,29,12110848,12111120,-272]
[32,{"$f":"IF(MOD(A534,3)=0,15,17)","v":17},514,7,{"$f":"IF(MOD(D534,2)=1,30,29)","v":30},12134502,12134349,153]
[32,17,515,8,29,12158156,12158379,-223]
[32,17,516,9,30,12181810,12181608,202]
[32,17,517,10,29,12205464,12205638,-174]
[32,17,518,11,30,12229118,12228867,251]
[32,17,519,12,29,12252772,12252897,-125]
[32,17,520,13,30,12276426,12276126,300]
[32,17,521,14,29,12300080,12300156,-76]
[32,17,522,15,30,12323734,12323385,349]
[32,17,523,16,29,12347388,12347415,-27]
[32,17,524,17,30,12371042,12370644,398]
[33,15,525,1,30,12394696,12394674,22]
[33,15,526,2,29,12418350,12418704,-354]
[33,15,527,3,30,12442004,12441933,71]
[33,15,528,4,29,12465658,12465963,-305]
[33,15,529,5,30,12489312,12489192,120]
[33,15,530,6,29,12512966,12513222,-256]
[33,15,531,7,30,12536620,12536451,169]
[33,15,532,8,29,12560274,12560481,-207]
[33,15,533,9,30,12583928,12583710,218]
[33,15,534,10,29,12607582,12607740,-158]
[33,15,535,11,30,12631236,12630969,267]
[33,15,536,12,29,12654890,12654999,-109]
[33,15,537,13,30,12678544,12678228,316]
[33,15,538,14,29,12702198,12702258,-60]
[33,15,539,15,30,12725852,12725487,365]
[34,17,540,1,30,12749506,12749517,-11]
[34,17,541,2,29,12773160,12773547,-387]
[34,17,542,3,30,12796814,12796776,38]
[34,17,543,4,29,12820468,12820806,-338]
[34,17,544,5,30,12844122,12844035,87]
[34,17,545,6,29,12867776,12868065,-289]
[34,17,546,7,30,12891430,12891294,136]
[34,17,547,8,29,12915084,12915324,-240]
[34,17,548,9,30,12938738,12938553,185]
[34,17,549,10,29,12962392,12962583,-191]
[34,17,550,11,30,12986046,12985812,234]
[34,17,551,12,29,13009700,13009842,-142]
[34,17,552,13,30,13033354,13033071,283]
[34,17,553,14,29,13057008,13057101,-93]
[34,17,554,15,30,13080662,13080330,332]
[34,17,555,16,29,13104316,13104360,-44]
[34,17,556,17,30,13127970,13127589,381]
[35,17,557,1,30,13151624,13151619,5]
[35,17,558,2,29,13175278,13175649,-371]
[35,17,559,3,30,13198932,13198878,54]
[35,17,560,4,29,13222586,13222908,-322]
[35,17,561,5,30,13246240,13246137,103]
[35,17,562,6,29,13269894,13270167,-273]
[35,17,563,7,30,13293548,13293396,152]
[35,17,564,8,29,13317202,13317426,-224]
[35,17,565,9,30,13340856,13340655,201]
[35,17,566,10,29,{"$f":"F585+PPM","v":13364510},13364685,-175]
[35,17,567,11,30,13388164,13387914,250]
[35,17,568,12,29,13411818,13411944,-126]
[35,17,569,13,30,13435472,13435173,299]
[{"$f":"IF(D590=1,IF(A589=Yerms,1,A589+1),A589)","v":35},17,{"$f":"C589+1","v":570},{"$f":"IF(D589=B589,1,D589+1)","v":14},29,13459126,{"$f":"G589+E589*PPD","v":13459203},{"$f":"F590-G590","v":-77}]
[35,17,571,15,30,13482780,13482432,348]
[35,17,572,16,29,13506434,13506462,-28]
[35,17,573,17,30,13530088,13529691,397]
[36,15,574,1,30,13553742,13553721,21]
[36,15,575,2,29,13577396,13577751,-355]
[36,15,576,3,30,13601050,13600980,70]
[36,15,577,4,29,13624704,13625010,-306]
[36,{"$f":"IF(MOD(A598,3)=0,15,17)","v":15},578,5,{"$f":"IF(MOD(D598,2)=1,30,29)","v":30},13648358,13648239,119]
[36,15,579,6,29,13672012,13672269,-257]
[36,15,580,7,30,13695666,13695498,168]
[36,15,581,8,29,13719320,13719528,-208]
[36,15,582,9,30,13742974,13742757,217]
[36,15,583,10,29,13766628,13766787,-159]
[36,15,584,11,30,13790282,13790016,266]
[36,15,585,12,29,13813936,13814046,-110]
[36,15,586,13,30,13837590,13837275,315]
[36,15,587,14,29,13861244,13861305,-61]
[36,15,588,15,30,13884898,13884534,364]
[37,17,589,1,30,13908552,13908564,-12]
[37,17,590,2,29,13932206,13932594,-388]
[37,17,591,3,30,13955860,13955823,37]
[37,17,592,4,29,13979514,13979853,-339]
[37,17,593,5,30,14003168,14003082,86]
[37,17,594,6,29,14026822,14027112,-290]
[37,17,595,7,30,14050476,14050341,135]
[37,17,596,8,29,14074130,14074371,-241]
[37,17,597,9,30,14097784,14097600,184]
[37,17,598,10,29,14121438,14121630,-192]
[37,17,599,11,30,14145092,14144859,233]
[37,17,600,12,29,14168746,14168889,-143]
[37,17,601,13,30,14192400,14192118,282]
[37,17,602,14,29,14216054,14216148,-94]
[37,17,603,15,30,14239708,14239377,331]
[37,17,604,16,29,14263362,14263407,-45]
[37,17,605,17,30,14287016,14286636,380]
[38,17,606,1,30,14310670,14310666,4]
[38,17,607,2,29,14334324,14334696,-372]
[38,17,608,3,30,14357978,14357925,53]
[38,17,609,4,29,14381632,14381955,-323]
[38,17,610,5,30,14405286,14405184,102]
[38,17,611,6,29,14428940,14429214,-274]
[38,17,612,7,30,14452594,14452443,151]
[38,17,613,8,29,14476248,14476473,-225]
[38,17,614,9,30,14499902,14499702,200]
[38,17,615,10,29,14523556,14523732,-176]
[38,17,616,11,30,14547210,14546961,249]
[38,17,617,12,29,14570864,14570991,-127]
[38,17,618,13,30,14594518,14594220,298]
[38,17,619,14,29,14618172,14618250,-78]
[38,17,620,15,30,14641826,14641479,347]
[38,17,621,16,29,14665480,14665509,-29]
[38,17,622,17,30,14689134,14688738,396]
[39,15,623,1,30,14712788,14712768,20]
[39,15,624,2,29,14736442,14736798,-356]
[39,15,625,3,30,14760096,14760027,69]
[39,15,626,4,29,14783750,14784057,-307]
[39,15,627,5,30,14807404,14807286,118]
[39,15,628,6,29,14831058,14831316,-258]
[39,15,629,7,30,14854712,14854545,167]
[39,15,630,8,29,{"$f":"F649+PPM","v":14878366},14878575,-209]
[39,15,631,9,30,14902020,14901804,216]
[39,15,632,10,29,14925674,14925834,-160]
[39,15,633,11,30,14949328,14949063,265]
[{"$f":"IF(D654=1,IF(A653=Yerms,1,A653+1),A653)","v":39},15,{"$f":"C653+1","v":634},{"$f":"IF(D653=B653,1,D653+1)","v":12},29,14972982,{"$f":"G653+E653*PPD","v":14973093},{"$f":"F654-G654","v":-111}]
[39,15,635,13,30,14996636,14996322,314]
[39,15,636,14,29,15020290,15020352,-62]
[39,15,637,15,30,15043944,15043581,363]
[40,17,638,1,30,15067598,15067611,-13]
[40,17,639,2,29,15091252,15091641,-389]
[40,17,640,3,30,15114906,15114870,36]
[40,17,641,4,29,15138560,15138900,-340]
[40,{"$f":"IF(MOD(A662,3)=0,15,17)","v":17},642,5,{"$f":"IF(MOD(D662,2)=1,30,29)","v":30},15162214,15162129,85]
[40,17,643,6,29,15185868,15186159,-291]
[40,17,644,7,30,15209522,15209388,134]
[40,17,645,8,29,15233176,15233418,-242]
[40,17,646,9,30,15256830,15256647,183]
[40,17,647,10,29,15280484,15280677,-193]
[40,17,648,11,30,15304138,15303906,232]
[40,17,649,12,29,15327792,15327936,-144]
[40,17,650,13,30,15351446,15351165,281]
[40,17,651,14,29,15375100,15375195,-95]
[40,17,652,15,30,15398754,15398424,330]
[40,17,653,16,29,15422408,15422454,-46]
[40,17,654,17,30,15446062,15445683,379]
[41,17,655,1,30,15469716,15469713,3]
[41,17,656,2,29,15493370,15493743,-373]
[41,17,657,3,30,15517024,15516972,52]
[41,17,658,4,29,15540678,15541002,-324]
[41,17,659,5,30,15564332,15564231,101]
[41,17,660,6,29,15587986,15588261,-275]
[41,17,661,7,30,15611640,15611490,150]
[41,17,662,8,29,15635294,15635520,-226]
[41,17,663,9,30,15658948,15658749,199]
[41,17,664,10,29,15682602,15682779,-177]
[41,17,665,11,30,15706256,15706008,248]
[41,17,666,12,29,15729910,15730038,-128]
[41,17,667,13,30,15753564,15753267,297]
[41,17,668,14,29,15777218,15777297,-79]
[41,17,669,15,30,15800872,15800526,346]
[41,17,670,16,29,15824526,15824556,-30]
[41,17,671,17,30,15848180,15847785,395]
[42,15,672,1,30,15871834,15871815,19]
[42,15,673,2,29,15895488,15895845,-357]
[42,15,674,3,30,15919142,15919074,68]
[42,15,675,4,29,15942796,15943104,-308]
[42,15,676,5,30,15966450,15966333,117]
[42,15,677,6,29,15990104,15990363,-259]
[42,15,678,7,30,16013758,16013592,166]
[42,15,679,8,29,16037412,16037622,-210]
[42,15,680,9,30,16061066,16060851,215]
[42,15,681,10,29,16084720,16084881,-161]
[42,15,682,11,30,16108374,16108110,264]
[42,15,683,12,29,16132028,16132140,-112]
[42,15,684,13,30,16155682,16155369,313]
[42,15,685,14,29,16179336,16179399,-63]
[42,15,686,15,30,16202990,16202628,362]
[43,17,687,1,30,16226644,16226658,-14]
[43,17,688,2,29,16250298,16250688,-390]
[43,17,689,3,30,16273952,16273917,35]
[43,17,690,4,29,16297606,16297947,-341]
[43,17,691,5,30,16321260,16321176,84]
[43,17,692,6,29,16344914,16345206,-292]
[43,17,693,7,30,16368568,16368435,133]
[43,17,694,8,29,{"$f":"F713+PPM","v":16392222},16392465,-243]
[43,17,695,9,30,16415876,16415694,182]
[43,17,696,10,29,16439530,16439724,-194]
[43,17,697,11,30,16463184,16462953,231]
[{"$f":"IF(D718=1,IF(A717=Yerms,1,A717+1),A717)","v":43},17,{"$f":"C717+1","v":698},{"$f":"IF(D717=B717,1,D717+1)","v":12},29,16486838,{"$f":"G717+E717*PPD","v":16486983},{"$f":"F718-G718","v":-145}]
[43,17,699,13,30,16510492,16510212,280]
[43,17,700,14,29,16534146,16534242,-96]
[43,17,701,15,30,16557800,16557471,329]
[43,17,702,16,29,16581454,16581501,-47]
[43,17,703,17,30,16605108,16604730,378]
[44,17,704,1,30,16628762,16628760,2]
[44,17,705,2,29,16652416,16652790,-374]
[44,{"$f":"IF(MOD(A726,3)=0,15,17)","v":17},706,3,{"$f":"IF(MOD(D726,2)=1,30,29)","v":30},16676070,16676019,51]
[44,17,707,4,29,16699724,16700049,-325]
[44,17,708,5,30,16723378,16723278,100]
[44,17,709,6,29,16747032,16747308,-276]
[44,17,710,7,30,16770686,16770537,149]
[44,17,711,8,29,16794340,16794567,-227]
[44,17,712,9,30,16817994,16817796,198]
[44,17,713,10,29,16841648,16841826,-178]
[44,17,714,11,30,16865302,16865055,247]
[44,17,715,12,29,16888956,16889085,-129]
[44,17,716,13,30,16912610,16912314,296]
[44,17,717,14,29,16936264,16936344,-80]
[44,17,718,15,30,16959918,16959573,345]
[44,17,719,16,29,16983572,16983603,-31]
[44,17,720,17,30,17007226,17006832,394]
[45,15,721,1,30,17030880,17030862,18]
[45,15,722,2,29,17054534,17054892,-358]
[45,15,723,3,30,17078188,17078121,67]
[45,15,724,4,29,17101842,17102151,-309]
[45,15,725,5,30,17125496,17125380,116]
[45,15,726,6,29,17149150,17149410,-260]
[45,15,727,7,30,17172804,17172639,165]
[45,15,728,8,29,17196458,17196669,-211]
[45,15,729,9,30,17220112,17219898,214]
[45,15,730,10,29,17243766,17243928,-162]
[45,15,731,11,30,17267420,17267157,263]
[45,15,732,12,29,17291074,17291187,-113]
[45,15,733,13,30,17314728,17314416,312]
[45,15,734,14,29,17338382,17338446,-64]
[45,15,735,15,30,17362036,17361675,361]
[46,17,736,1,30,17385690,17385705,-15]
[46,17,737,2,29,17409344,17409735,-391]
[46,17,738,3,30,17432998,17432964,34]
[46,17,739,4,29,17456652,17456994,-342]
[46,17,740,5,30,17480306,17480223,83]
[46,17,741,6,29,17503960,17504253,-293]
[46,17,742,7,30,17527614,17527482,132]
[46,17,743,8,29,17551268,17551512,-244]
[46,17,744,9,30,17574922,17574741,181]
[46,17,745,10,29,17598576,17598771,-195]
[46,17,746,11,30,17622230,17622000,230]
[46,17,747,12,29,17645884,17646030,-146]
[46,17,748,13,30,17669538,17669259,279]
[46,17,749,14,29,17693192,17693289,-97]
[46,17,750,15,30,17716846,17716518,328]
[46,17,751,16,29,17740500,17740548,-48]
[46,17,752,17,30,17764154,17763777,377]
[47,17,753,1,30,17787808,17787807,1]
[47,17,754,2,29,17811462,17811837,-375]
[47,17,755,3,30,17835116,17835066,50]
[47,17,756,4,29,17858770,17859096,-326]
[47,17,757,5,30,17882424,17882325,99]
[47,17,758,6,29,{"$f":"F777+PPM","v":17906078},17906355,-277]
[47,17,759,7,30,17929732,17929584,148]
[47,17,760,8,29,17953386,17953614,-228]
[47,17,761,9,30,17977040,17976843,197]
[{"$f":"IF(D782=1,IF(A781=Yerms,1,A781+1),A781)","v":47},17,{"$f":"C781+1","v":762},{"$f":"IF(D781=B781,1,D781+1)","v":10},29,18000694,{"$f":"G781+E781*PPD","v":18000873},{"$f":"F782-G782","v":-179}]
[{"$f":"IF(D783=1,IF(A782=Yerms,1,A782+1),A782)","v":47},17,{"$f":"C782+1","v":763},{"$f":"IF(D782=B782,1,D782+1)","v":11},30,18024348,{"$f":"G782+E782*PPD","v":18024102},{"$f":"F783-G783","v":246}]
[{"$f":"IF(D784=1,IF(A783=Yerms,1,A783+1),A783)","v":47},17,{"$f":"C783+1","v":764},{"$f":"IF(D783=B783,1,D783+1)","v":12},29,18048002,{"$f":"G783+E783*PPD","v":18048132},{"$f":"F784-G784","v":-130}]
[{"$f":"IF(D785=1,IF(A784=Yerms,1,A784+1),A784)","v":47},17,{"$f":"C784+1","v":765},{"$f":"IF(D784=B784,1,D784+1)","v":13},30,18071656,{"$f":"G784+E784*PPD","v":18071361},{"$f":"F785-G785","v":295}]
[{"$f":"IF(D786=1,IF(A785=Yerms,1,A785+1),A785)","v":47},17,{"$f":"C785+1","v":766},{"$f":"IF(D785=B785,1,D785+1)","v":14},29,18095310,{"$f":"G785+E785*PPD","v":18095391},{"$f":"F786-G786","v":-81}]
[{"$f":"IF(D787=1,IF(A786=Yerms,1,A786+1),A786)","v":47},17,{"$f":"C786+1","v":767},{"$f":"IF(D786=B786,1,D786+1)","v":15},30,18118964,{"$f":"G786+E786*PPD","v":18118620},{"$f":"F787-G787","v":344}]
[47,17,768,16,29,18142618,18142650,-32]
[47,17,769,17,30,18166272,18165879,393]
[48,15,770,1,30,18189926,18189909,17]
[48,15,771,2,29,18213580,18213939,-359]
[48,15,772,3,30,18237234,18237168,66]
[48,15,773,4,29,18260888,18261198,-310]
[48,15,774,5,30,18284542,18284427,115]
[48,15,775,6,29,18308196,18308457,-261]
[48,15,776,7,30,18331850,18331686,164]
[48,15,777,8,29,18355504,18355716,-212]
[48,15,778,9,30,18379158,18378945,213]
[48,15,779,10,29,18402812,18402975,-163]
[48,15,780,11,30,18426466,18426204,262]
[48,15,781,12,29,18450120,18450234,-114]
[48,15,782,13,30,18473774,18473463,311]
[48,15,783,14,29,18497428,18497493,-65]
[48,15,784,15,30,18521082,18520722,360]
[49,17,785,1,30,18544736,18544752,-16]
[49,17,786,2,29,18568390,18568782,-392]
[49,17,787,3,30,18592044,18592011,33]
[49,17,788,4,29,18615698,18616041,-343]
[49,17,789,5,30,18639352,18639270,82]
[49,17,790,6,29,18663006,18663300,-294]
[49,17,791,7,30,18686660,18686529,131]
[49,17,792,8,29,18710314,18710559,-245]
[49,17,793,9,30,18733968,18733788,180]
[49,17,794,10,29,18757622,18757818,-196]
[49,17,795,11,30,18781276,18781047,229]
[49,17,796,12,29,18804930,18805077,-147]
[49,17,797,13,30,18828584,18828306,278]
[49,17,798,14,29,18852238,18852336,-98]
[49,17,799,15,30,18875892,18875565,327]
[49,17,800,16,29,18899546,18899595,-49]
[49,17,801,17,30,18923200,18922824,376]
[1,17,802,1,30,18946854,18946854,0]
[1,17,803,2,29,18970508,18970884,-376]
[1,17,804,3,30,18994162,18994113,49]
[1,17,805,4,29,19017816,19018143,-327]
[1,17,806,5,30,19041470,19041372,98]
[1,17,807,6,29,19065124,19065402,-278]
[1,17,808,7,30,19088778,19088631,147]
[1,17,809,8,29,19112432,19112661,-229]
[1,17,810,9,30,19136086,19135890,196]
[1,17,811,10,29,19159740,19159920,-180]
[1,17,812,11,30,19183394,19183149,245]
[1,17,813,12,29,19207048,19207179,-131]
[1,17,814,13,30,19230702,19230408,294]
[1,17,815,14,29,19254356,19254438,-82]
[1,17,816,15,30,19278010,19277667,343]
[1,17,817,16,29,19301664,19301697,-33]
[1,17,818,17,30,19325318,19324926,392]

{"sheet":"Yerms","index":2,"n_rows":51,"n_cols":7,"rows_kept":51}
["Month in Cycle","Yerm","New Yerm Moment","Elapsed","Difference","Top","Yerm Start"]
[{"$f":"StartMonth","v":1},1,{"$f":"(A2-1)*PPM","v":0},{"$f":"LOOKUP(A2,Data!C$21:C$838,Data!G$21:G$838)","v":0},{"$f":"IF(AND(StartMonth>15,MOD(B2,3)=0),NA(),C2-D2)","v":0},1200,{"$f":"A2-StartMonth+1","v":1}]
[{"$f":"A2+IF(MOD(B2,3)=0,15,17)","v":18},{"$f":"MOD(B2,Yerms)+1","v":2},{"$f":"(A3-1)*PPM","v":402118},{"$f":"LOOKUP(A3,Data!C$21:C$838,Data!G$21:G$838)","v":402102},16,{"$f":"F2","v":1200},18]
[{"$f":"A3+IF(MOD(B3,3)=0,15,17)","v":35},{"$f":"MOD(B3,Yerms)+1","v":3},{"$f":"(A4-1)*PPM","v":804236},{"$f":"LOOKUP(A4,Data!C$21:C$838,Data!G$21:G$838)","v":804204},32,{"$f":"F3","v":1200},35]
[50,4,1159046,{"$f":"LOOKUP(A5,Data!C$21:C$838,Data!G$21:G$838)","v":1159047},-1,1200,50]
[67,5,1561164,{"$f":"LOOKUP(A6,Data!C$21:C$838,Data!G$21:G$838)","v":1561149},15,1200,67]
[84,6,1963282,{"$f":"LOOKUP(A7,Data!C$21:C$838,Data!G$21:G$838)","v":1963251},31,1200,84]
[99,7,2318092,{"$f":"LOOKUP(A8,Data!C$21:C$838,Data!G$21:G$838)","v":2318094},-2,1200,99]
[116,8,2720210,{"$f":"LOOKUP(A9,Data!C$21:C$838,Data!G$21:G$838)","v":2720196},14,1200,116]
[133,9,3122328,{"$f":"LOOKUP(A10,Data!C$21:C$838,Data!G$21:G$838)","v":3122298},30,1200,133]
[148,10,3477138,{"$f":"LOOKUP(A11,Data!C$21:C$838,Data!G$21:G$838)","v":3477141},-3,1200,148]
[165,11,3879256,{"$f":"LOOKUP(A12,Data!C$21:C$838,Data!G$21:G$838)","v":3879243},13,1200,165]
[182,12,4281374,{"$f":"LOOKUP(A13,Data!C$21:C$838,Data!G$21:G$838)","v":4281345},29,1200,182]
[197,13,4636184,{"$f":"LOOKUP(A14,Data!C$21:C$838,Data!G$21:G$838)","v":4636188},-4,1200,197]
[214,14,5038302,{"$f":"LOOKUP(A15,Data!C$21:C$838,Data!G$21:G$838)","v":5038290},12,1200,214]
[231,15,5440420,{"$f":"LOOKUP(A16,Data!C$21:C$838,Data!G$21:G$838)","v":5440392},28,1200,231]
[246,16,5795230,{"$f":"LOOKUP(A17,Data!C$21:C$838,Data!G$21:G$838)","v":5795235},-5,1200,246]
[263,17,6197348,{"$f":"LOOKUP(A18,Data!C$21:C$838,Data!G$21:G$838)","v":6197337},11,1200,263]
[280,18,6599466,{"$f":"LOOKUP(A19,Data!C$21:C$838,Data!G$21:G$838)","v":6599439},27,1200,280]
[295,19,6954276,{"$f":"LOOKUP(A20,Data!C$21:C$838,Data!G$21:G$838)","v":6954282},-6,1200,295]
[312,20,7356394,{"$f":"LOOKUP(A21,Data!C$21:C$838,Data!G$21:G$838)","v":7356384},10,1200,312]
[329,21,7758512,{"$f":"LOOKUP(A22,Data!C$21:C$838,Data!G$21:G$838)","v":7758486},26,1200,329]
[344,22,8113322,{"$f":"LOOKUP(A23,Data!C$21:C$838,Data!G$21:G$838)","v":8113329},-7,1200,344]
[{"$f":"A23+IF(MOD(B23,3)=0,15,17)","v":361},{"$f":"MOD(B23,Yerms)+1","v":23},{"$f":"(A24-1)*PPM","v":8515440},{"$f":"LOOKUP(A24,Data!C$21:C$838,Data!G$21:G$838)","v":8515431},9,{"$f":"F23","v":1200},{"$f":"A24-StartMonth+1","v":361}]
[378,24,8917558,{"$f":"LOOKUP(A25,Data!C$21:C$838,Data!G$21:G$838)","v":8917533},25,1200,378]
[393,25,9272368,{"$f":"LOOKUP(A26,Data!C$21:C$838,Data!G$21:G$838)","v":9272376},-8,1200,393]
[410,26,9674486,{"$f":"LOOKUP(A27,Data!C$21:C$838,Data!G$21:G$838)","v":9674478},8,1200,410]
[427,27,10076604,{"$f":"LOOKUP(A28,Data!C$21:C$838,Data!G$21:G$838)","v":10076580},24,1200,427]
[442,28,10431414,{"$f":"LOOKUP(A29,Data!C$21:C$838,Data!G$21:G$838)","v":10431423},-9,1200,442]
[459,29,10833532,{"$f":"LOOKUP(A30,Data!C$21:C$838,Data!G$21:G$838)","v":10833525},7,1200,459]
[476,30,11235650,{"$f":"LOOKUP(A31,Data!C$21:C$838,Data!G$21:G$838)","v":11235627},23,1200,476]
[491,31,11590460,{"$f":"LOOKUP(A32,Data!C$21:C$838,Data!G$21:G$838)","v":11590470},-10,1200,491]
[508,32,11992578,{"$f":"LOOKUP(A33,Data!C$21:C$838,Data!G$21:G$838)","v":11992572},6,1200,508]
[525,33,12394696,{"$f":"LOOKUP(A34,Data!C$21:C$838,Data!G$21:G$838)","v":12394674},{"$f":"IF(AND(StartMonth>15,MOD(B34,3)=0),NA(),C34-D34)","v":22},1200,525]
[540,34,12749506,{"$f":"LOOKUP(A35,Data!C$21:C$838,Data!G$21:G$838)","v":12749517},-11,1200,540]
[557,35,13151624,{"$f":"LOOKUP(A36,Data!C$21:C$838,Data!G$21:G$838)","v":13151619},5,1200,557]
[574,36,13553742,{"$f":"LOOKUP(A37,Data!C$21:C$838,Data!G$21:G$838)","v":13553721},21,1200,574]
[589,37,13908552,{"$f":"LOOKUP(A38,Data!C$21:C$838,Data!G$21:G$838)","v":13908564},-12,1200,589]
[606,38,14310670,{"$f":"LOOKUP(A39,Data!C$21:C$838,Data!G$21:G$838)","v":14310666},4,1200,606]
[623,39,14712788,{"$f":"LOOKUP(A40,Data!C$21:C$838,Data!G$21:G$838)","v":14712768},20,1200,623]
[638,40,15067598,{"$f":"LOOKUP(A41,Data!C$21:C$838,Data!G$21:G$838)","v":15067611},-13,1200,638]
[655,41,15469716,{"$f":"LOOKUP(A42,Data!C$21:C$838,Data!G$21:G$838)","v":15469713},3,1200,655]
[672,42,15871834,{"$f":"LOOKUP(A43,Data!C$21:C$838,Data!G$21:G$838)","v":15871815},19,1200,672]
[687,43,16226644,{"$f":"LOOKUP(A44,Data!C$21:C$838,Data!G$21:G$838)","v":16226658},-14,1200,687]
[704,44,16628762,{"$f":"LOOKUP(A45,Data!C$21:C$838,Data!G$21:G$838)","v":16628760},2,1200,704]
[721,45,17030880,{"$f":"LOOKUP(A46,Data!C$21:C$838,Data!G$21:G$838)","v":17030862},18,1200,721]
[{"$f":"A46+IF(MOD(B46,3)=0,15,17)","v":736},{"$f":"MOD(B46,Yerms)+1","v":46},{"$f":"(A47-1)*PPM","v":17385690},{"$f":"LOOKUP(A47,Data!C$21:C$838,Data!G$21:G$838)","v":17385705},-15,{"$f":"F46","v":1200},{"$f":"A47-StartMonth+1","v":736}]
[753,47,17787808,{"$f":"LOOKUP(A48,Data!C$21:C$838,Data!G$21:G$838)","v":17787807},1,1200,753]
[770,48,18189926,{"$f":"LOOKUP(A49,Data!C$21:C$838,Data!G$21:G$838)","v":18189909},17,1200,770]
[785,49,18544736,{"$f":"LOOKUP(A50,Data!C$21:C$838,Data!G$21:G$838)","v":18544752},-16,1200,785]
[802,1,18946854,{"$f":"LOOKUP(A51,Data!C$21:C$838,Data!G$21:G$838)","v":18946854},0,1200,802]

{"sheet":"Rules","index":3,"n_rows":11,"n_cols":3,"rows_kept":11}
["odd-numbered months have 30 days, even numbered months have 29 days"]
["yerms have 17 months (9 full, 8 deficient) or 15 months (8 full, 7 deficient)"]
["length of 17-month yerm =",{"$f":"(9*30)+(8*29)","v":502},"days"]
["length of 15-month yerm =",{"$f":"(8*30)+(7*29)","v":443},"days"]
["yerms are numbered from yerm #1"]
["if yerm# is divisible by 3 then it has 15 months, otherwise it has 17 months"]
["repeating pattern = 17+17+15 = ",{"$f":"17+17+15","v":49},"months"]
["which is repeated",{"$f":"INT(MPC/B7)","v":16},"times"]
["to make a subtotal of",{"$f":"3*B8","v":48},"yerms"]
["full cycle has",{"$f":"Yerms","v":49},"yerms"]
[{"$f":"\"The last yerm #\"&Yerms&\" has 17 months.\"","v":"The last yerm #49 has 17 months."}]

{"sheet":"Zoom","index":4,"n_rows":7,"n_cols":6,"rows_kept":7}
[0,"= Current Zoom Level"]
["Level","Months","MajorTick","MinorTick","Shift","Connect"]
[{"$f":"ROW()-3","v":0},{"$f":"MPC","v":801},49,7,null,false]
[1,392,49,7,{"$f":"B5","v":196},false]
[2,196,7,7,{"$f":"B6","v":98},false]
[3,98,7,1,49,true]
[4,49,2,1,49,true]

{"sheet":"Labels","index":5,"n_rows":24,"n_cols":3,"rows_kept":24}
["Month","Hours",{"$f":"\"Span \"&B2-B24&\"h\"","v":"Span 66h"}]
[802,33]
[{"$f":"A2","v":802},{"$f":"B2-3","v":30}]
[{"$f":"A3","v":802},{"$f":"B3-3","v":27}]
[{"$f":"A4","v":802},24]
[{"$f":"A5","v":802},21]
[802,18]
[802,15]
[802,12]
[802,9]
[802,6]
[802,3]
[802,0]
[802,-3]
[802,-6]
[802,-9]
[802,-12]
[802,-15]
[802,-18]
[802,-21]
[802,-24]
[802,-27]
[802,-30]
[802,-33]